
7
Let g = 69 + -49. Let i be (0/(0 + -3))/(-2). Suppose i*u + u = g. What are the prime factors of u?
2, 5
Let m(s) = -s**3 - 8*s**2 + 6*s + 4. Let h be m(-9). Let g = h - 19. What are the prime factors of g?
2, 3
Suppose -3*j + 3*r - 4 = -2*r, 0 = -5*r + 10. Suppose 12 = j*o + 2*o, 2*i + o = 23. What are the prime factors of i?
2, 5
Let w = -67 + 120. List the prime factors of w.
53
Suppose 2*t - 77 + 15 = 0. What are the prime factors of t?
31
Suppose 4 = 3*s + 6*v - v, s = v - 4. Suppose r - 3 - 5 = 0. What are the prime factors of (-2)/(14/r + s)?
2
Suppose -f = -v + 6, -4*v + 3*f - 2*f + 12 = 0. Suppose 0 = 5*i + v*k + 111, 15 = -i + 2*k - 0*k. What are the prime factors of i/3*(1 + -2)?
7
Let x = -54 - -105. What are the prime factors of x?
3, 17
Suppose 3*g - 5*i - 59 = 10, -3*i - 103 = -4*g. What are the prime factors of g?
2, 7
Suppose -3*h = 10 - 199. Let s = -25 + h. List the prime factors of s.
2, 19
Let w(p) = -7*p**3 - 3*p**2 - 10*p - 10. Let k(d) = -d**3 + 9 + 4*d**3 + 9*d + 3*d**2 + 3*d**3. Let r(q) = -6*k(q) - 5*w(q). List the prime factors of r(-3).
2
Suppose 0*c - 2 = -2*c. What are the prime factors of c - 2 - 0 - -8?
7
Suppose -219 = -4*b + 117. What are the prime factors of b?
2, 3, 7
Let c be (5/(-3))/((-2)/6). Let x(q) = q**2 - q + 5. List the prime factors of x(c).
5
Let d be (2 - -1)/(3/10). Suppose -g = o - 0*g, -o + d = -4*g. Suppose 5*r = 2*m + 32 + 23, 43 = o*r - 5*m. What are the prime factors of r?
3
Let j be (-220)/(-12) - 2/6. Suppose -5*x - 42 - j = 0. List the prime factors of (-19)/(-4) + (-3)/x.
5
Let h = 8 - 6. Let g be (h + -2 - -1)*-2. List the prime factors of (-1)/((-69)/(-36) + g).
2, 3
What are the prime factors of ((-237)/(-2))/(3/4)?
2, 79
Suppose 0 = 4*f + f. Let w(q) = -q - 2*q + 1 + f. List the prime factors of w(-2).
7
Let j(i) = 9*i**2 - 7*i + 0*i**3 + 3 + 0 - i**3 - 2. Let v be -5*-2*(-4)/(-5). What are the prime factors of j(v)?
3
Let s(o) = -o**3 - 7*o**2 + 8*o + 10. Let y be s(-9). Suppose -y = 2*k - 7*k - 5*m, 6 = 2*m. List the prime factors of k.
17
Suppose 0 = 2*y - 2 - 0. Suppose -y - 1 = c. List the prime factors of (-6 - -8) + (-6)/c.
5
Let r be -4 + 1 - 1 - 1. Let u(f) = -6*f - 3. Let w(q) = 4*q + 2. Let v(s) = r*u(s) - 8*w(s). List the prime factors of v(-2).
3
Suppose -66 = -5*d - 51. Let r(g) be the third derivative of g**5/30 - g**4/6 + g**3/3 + g**2. What are the prime factors of r(d)?
2
Let t be 2/(((-4)/3)/2). Let j(l) = 2*l**2 + 3*l + 1. List the prime factors of j(t).
2, 5
Suppose b = -0*b. Let o = b - -7. What are the prime factors of o?
7
Suppose -v = -0 + 3. Let w = v + 3. Suppose 7 = -m + 2*n, w = -3*m + 2*m - 3*n + 18. What are the prime factors of m?
3
Let v be (-16)/(-5)*(-50)/(-4). Suppose -5 = -3*h - 2*l + 3, -3*l = -3*h - 12. Suppose -v = -h*b - 5*b. List the prime factors of b.
2
Let j be (4/6)/((-2)/6). What are the prime factors of (j - 0)*(-7)/2?
7
Suppose 5*g - 17 = 3. Suppose 3*j - j - g = 0. Suppose 10 + 9 = v + 5*n, -j*n - 14 = -2*v. What are the prime factors of v?
3
Suppose 2*n = 3*r - 176, -3*n + 6*n = 3*r - 171. What are the prime factors of r?
2, 31
Let i(c) = c**2 - 7*c + 8. Let z be i(6). Suppose -z*d = -5*d + 21. What are the prime factors of d?
7
Let o(z) be the second derivative of z**3/6 + z**2 + 3*z. What are the prime factors of o(9)?
11
Let u(w) = 24*w**2 + 5. List the prime factors of u(2).
101
Let k = 508 + -236. What are the prime factors of k?
2, 17
Let c(n) = -n**2 + 7*n + 8. Let d be c(8). Let l = -23 + 53. Suppose d = -2*x - x + l. List the prime factors of x.
2, 5
Suppose 40 = 4*m - 3*m. List the prime factors of m.
2, 5
Let q(x) = 5*x**3 - 10*x**2 + 6*x - 7. Let r(n) = -n**3 + n**2 - n. Let g(o) = -q(o) - 4*r(o). Let h be g(6). List the prime factors of (-2)/h - 43/(-5).
3
Suppose u - 2*i - 17 = 0, -3*u = -5*i - 13 - 33. Let t(k) = 3*k + 0*k**2 + k - u + k**2. List the prime factors of t(-6).
5
Suppose 3*b = 6 + 30. Suppose -2*o + b = 4. List the prime factors of o.
2
Suppose 0*x + 2*x = 60. Suppose 0*s - 2*s = -x. List the prime factors of s.
3, 5
Suppose y - 3*p = 6*y - 254, -5*y + 250 = 5*p. What are the prime factors of y?
2, 13
Let c(l) = -l**3 + 7*l**2 + l - 4. Let y be c(7). Suppose -3*s + 3*b - 28 = -8*s, -3*b + y = 0. List the prime factors of s.
5
Let h(k) be the second derivative of -13*k**3/6 + k**2/2 - k. Let o be (-1)/((3 + -2)*1). List the prime factors of h(o).
2, 7
Let w(s) = 2*s + 6. Let h be w(-5). Let i = -4 - h. Let k = 2 - i. What are the prime factors of k?
2
Suppose 3*w - 16 = 7*w. Let h(b) = 2*b**3 - 3*b**2 + 2*b. Let v be h(2). Let r = v + w. List the prime factors of r.
2
Suppose 5*w - 2*m = -168, -5*m + 12 = -8. What are the prime factors of w/(-3) - (-4)/12?
11
Let j = 21 + -10. Suppose 0 = 3*b - j - 1. Suppose 0 = -f + b. List the prime factors of f.
2
Suppose 3 - 1 = -2*t - 5*n, -2*t + 5*n - 2 = 0. Let m be -2 - (-7 + (-2)/t). Suppose -2 + 45 = 5*k - 2*g, 4*k + m*g - 39 = 0. What are the prime factors of k?
3
Let u = 229 + -10. List the prime factors of u.
3, 73
Suppose 5*o - 872 = c - 232, 122 = o + c. What are the prime factors of o?
127
Suppose -n = n + 10. Let z be (-48)/n + (-4)/(-10). List the prime factors of (-26)/4*z/(-5).
13
Let x = 4 - 2. Let k(d) = -3*d + 6*d + 2*d + 0*d. What are the prime factors of k(x)?
2, 5
Let o(x) = -8*x - 1. List the prime factors of o(-1).
7
Let v be (-276)/(-66) - (-2)/(-11). Let c(z) = 4 - v*z**3 + 5*z**3 - 2*z**3. List the prime factors of c(0).
2
Let i be ((-26)/4 + 1)*-2. Suppose -3*y + 115 = -i. What are the prime factors of y?
2, 3, 7
Let o be 6 - (4/(-2) + 1). Let i(f) = -3 + 6 + 6*f - 1 - o*f + f**2. What are the prime factors of i(4)?
2, 7
Let j(t) = 2*t - 5. Let f be j(6). Suppose -5*s + f = 2. List the prime factors of (-75)/(-10)*(1 + s).
3, 5
Suppose 0*t - 12 = -t. Let m be (45/t - 2)*4. Let g = m + -4. List the prime factors of g.
3
Suppose -164 = -4*c - 5*k, 4*c = 3*c - 2*k + 44. List the prime factors of c.
2, 3
Suppose -4*w + 24 = -w. List the prime factors of w.
2
Let b = -26 + 12. Let i = 4 - b. What are the prime factors of i?
2, 3
Suppose 0 = -3*q + 4*z + 6, -q - z + 3 = -2*z. Suppose 0*t - t = -q. What are the prime factors of 55/3 + 4/t?
19
Let z(k) = k - 37. Let t(x) = -12. Let y(h) = 7*t(h) - 2*z(h). Let r be y(-8). List the prime factors of (1*-2)/((-2)/r).
2, 3
Let n(z) = -2*z - 10. Let g(x) = 1. Let h(q) = -10*g(q) - n(q). List the prime factors of h(14).
2, 7
Let k(o) = -o**3 + 3*o**2 + 2*o - 3. List the prime factors of k(-3).
3, 5
Suppose 5*b = 5*d - 160, -46 = -d - d - 4*b. Suppose 7 + 2 = 3*s. Suppose 2*c - d = s. List the prime factors of c.
2
Let r(j) be the second derivative of j**4/12 - 5*j**3/6 + 7*j**2/2 - j. Let w be r(7). Suppose -w = 5*b - 116. What are the prime factors of b?
19
Let x = 15 - 18. What are the prime factors of ((-32)/x)/((-14)/(-21))?
2
Let b be ((-3)/2)/((-2)/44). Let p be 2/(-3) - 14/(-21). Suppose p = i - 4*i + b. What are the prime factors of i?
11
Suppose 4*k + 5*t - 276 = 103, -3*k = -3*t - 264. What are the prime factors of k?
7, 13
Let q = 2 - -2. Suppose 0 = -q*c + 9 + 111. Suppose -2*l + l - c = -2*o, -o - l = -9. List the prime factors of o.
13
Suppose 0 = 3*c - 4*c + 15. List the prime factors of c.
3, 5
Suppose 0 = -4*o + 3 + 5. Let x(p) = 3*p - 1. Let k be x(o). Let t = 12 - k. List the prime factors of t.
7
Let o = 15 + 3. What are the prime factors of o?
2, 3
Suppose 2*v + 26 = 4*v. Suppose 3 = h - v. Suppose 5*i - h = i. List the prime factors of i.
2
Let n = 7 - -4. What are the prime factors of n?
11
Suppose 3*r = g - 56 + 178, 16 = 4*g. Suppose -3*d = -2*j - 0*d + 23, 3*j = -3*d + r. What are the prime factors of j?
13
Let o = -11 - -13. What are the prime factors of 1*38*2/o?
2, 19
Let o = 90 + -63. Let m = o - 13. List the prime factors of m.
2, 7
Let l(u) = 3*u**2 - 6*u + 1. What are the prime factors of l(8)?
5, 29
Suppose -2*i - 56 = -k - 0*i, -5 = -i. List the prime factors of k.
2, 3, 11
Suppose 2*u = -2*u + 4. List the prime factors of (-8)/((u - 0) + -3).
2
What are the prime factors of (-2)/3*-16*(-21)/(-4)?
2, 7
Let h(l) = l + 1. Let g(z) = z**2 - 13*z - 4. Let w(x) = -g(x) - 5*h(x). Let c be w(7). Suppose s + 0*s = c. What are the prime factors of s?
2, 3
Suppose 47 + 1